uate 37 - (9 - (0 + 0 + 1 - (-748 - -740))).
37
What is the value of -5 + 3 - (-14 + (21 - (14 - -15)))?
20
Evaluate (-28 - (-13 - 14)) + -4 + 3 + -2 + -52.
-56
What is the value of -17 + 2 + -20 + 94 + -64 + (-44 - -2)?
-47
(53 - (-48 - -228)) + 59 - (-1 - -1)
-68
What is -1 - (-5 - -20 - (-56 + 86))?
14
What is 1035 - 1054 - ((1 - -1) + (14 - 5)) - -3?
-27
What is the value of (-26 - -57 - 18) + (0 - -4)?
17
9 - 1 - (-14 + -9 + -33 + 81 - 57)
40
Evaluate 1 - -1 - (-22 + -1 - (44 - (168 - 97))).
-2
Calculate 37 - ((257 - 250) + -8 + 1).
37
Evaluate -27 - ((-3 - 32) + 7).
1
(1 - -5) + (21 + -54 - (69 + -8))
-88
What is (-61 - (-9 + (-4 - -17 - 6)) - -9) + 7?
-43
What is -82 - (52 + (-34 - 29))?
-71
Calculate 22 - (-65 - (-81 + 37)).
43
Evaluate -19 + 12 - (4 - ((12 - 21) + 7)).
-13
77 - (76 + -85 - -65)
21
What is -60 - -146 - -51 - (-1 + 41)?
97
What is the value of 11 + 2 + -92 + 86 + (-14 - -3)?
-4
What is the value of -12 - (-61 + 20) - (-67 - -61)?
35
What is -7 - (-52 + 29 - 37)?
53
What is the value of 12 + (-5 + (8 + -16 + 0 - 19) - 7)?
-27
What is ((-20 - 12) + 55 - 2) + 3 + -2?
22
What is the value of -3 - (-119 + 147) - (1 + 35)?
-67
Calculate 220 + -277 - (-22 - -5 - 0).
-40
What is -1 + -8 + -1304 + 1331?
18
(-1108 - -1092) + (1 - (7 - 0))
-22
Calculate -68 + (130 - 71) - (-24 + 8).
7
What is the value of (9 - 24) + 150 + -184?
-49
(2 - -55) + 5 + (-41 - -29) + 19
69
31 + 6 + -44 - 27
-34
What is the value of 26 + -24 + -2 - (3 + -7 + 18)?
-14
What is the value of -69 + 16 - -30 - (7 - -3 - 3)?
-30
-49 + 20 + 43 + -45
-31
What is 38 - (-1 + 150) - (-6 + -31)?
-74
What is the value of 3 + 25 + (10 + (-5 - (1 + 3)) - 11)?
18
Calculate -20 + (38 - 7 - 11) - (-1 + -6).
7
What is the value of -78 - (-2 - -5) - (13 - (-28 + 27))?
-95
What is 44 + -22 + 2 + 4 + (13 - 10) + 5?
36
(1 - 45 - 0) + 6032 + -6127
-139
What is the value of 50 - ((0 - 17) + (769 - 737))?
35
17 + -16 - -9 - -13
23
What is (-5 + -3 + 5 - -20) + (27 + 57 - 84)?
17
What is the value of 89 + -121 - (28 - 24)?
-36
Calculate -135 + 1 + 29 + -1414 + 1378.
-141
Calculate 9 - (-9 + -1 + -4) - 50.
-27
What is -1 + -7 - (26 + 2 + 22) - 0?
-58
Calculate -179 + 131 + (17 + -8 - 1).
-40
Calculate (-13 - (-17 - (-7 + 3 + -2)) - -3) + 18.
19
Evaluate -10 - -24 - (-8 - (-20 - (-4 - (16 - 4)))).
18
(37 - (-2 - -3)) + 574 + -570 - 13
27
Evaluate 2 - (53 + (-40 - -36)).
-47
What is -6 - (12 + (-3 - (8 + -2)) + 41)?
-50
Calculate -51 - (-42 - (-24 + 13)).
-20
What is the value of (6 - (-2 - -4)) + -35 + (-19 - -61) + -81?
-70
What is the value of 3 + -10 + 67 + (6 - 2) - (4 - 1)?
61
What is the value of (-1 - (0 - -1)) + (-42 - (-41 + 46 - -39))?
-88
What is 22 + 26 + 11 + -80?
-21
Calculate (-2570 - -2539) + (2 - -9) + 3.
-17
(32 - -18) + -103 + 12
-41
What is 55 - (2 - -23) - 6?
24
What is the value of 0 + -5 + 0 + (8 - (-37 + 14 + -17))?
43
What is the value of -74 - 11 - -148 - (-8 + (0 - 2) + 3)?
70
What is -25 - (6 + -23) - (38 - (-17 + 4))?
-59
(-168 + 349 - 238) + (-10 + 1 - 0)
-66
Calculate (321 - (-98 - -145)) + -137.
137
What is the value of (-17 - (-9 - -16)) + 9 + 0 + -8?
-23
(0 - 4) + (18 - 2) + 2 + -21
-7
What is the value of 34 + -50 + 46 - 9?
21
What is -12 - (70 + (13 - 56))?
-39
What is the value of (4 - (-9 + 11)) + (8 + -10 - 125) + 8?
-117
(0 - 6 - (22 + -28)) + (-227 - -238)
11
-20 + (15 - (13 - 21 - -20))
-17
Evaluate (1 - 0) + 1 - (1792 + -1855).
65
What is -9 - (-11 + (10 - (-3 - -6)) - 2)?
-3
77 - ((10 - 4) + -5) - (-18 + (19 - -1))
74
Evaluate (-38 - (-17 + 18 + -20)) + 0 + 148.
129
1 + 88 - ((163 - 80) + -72)
78
Calculate -7 + (-17 + (-1 - 1) - (31 + (4 - 31))).
-30
Calculate 180 + -77 + 2 + (0 + 1 - (1 - 0)).
105
Evaluate 434 + -436 + 3 + -1.
0
Evaluate 100 + (4 - -10 - (27 + -21 + 22)) + 6.
92
What is -5 + -115 + 97 + -30?
-53
What is the value of -9 + (-4 - (-8 + 2)) + -6 + (-9 - 47)?
-69
4 - 72 - (-9 + -8 + 0)
-51
What is (16 - (-26 + -11 + 26)) + -57?
-30
What is the value of 24 - (13 + 7 + (39 - 31 - 6))?
2
Calculate -21 - (6 + (-12 - -12) - (12 - -13)).
-2
What is the value of 0 + -15 + 3 - (-21 + -58 + -9)?
76
Calculate (-12 - -66) + -61 - 18.
-25
Calculate -598 - -574 - (8 - 9 - 120).
97
What is the value of 34 + (0 - 2) + (-14 - -6 - 5)?
19
-23 + 54 + (86 - 48)
69
Evaluate 1 - 2 - (15 + (-10 - 1) + 2 + 7).
-14
What is 41 - 20 - -84 - ((12 - 9) + -7)?
109
-27 + 30 - ((-35 - 2) + 137 + (-11 - 1))
-85
What is -135 + 2 + (-7633 - -7817)?
51
What is 207 - 202 - (-9 - (-1 + 1))?
14
What is the value of -2 + 8 - ((6 - (4 - -24)) + 83)?
-55
3 + (-2 - 1 - (-14 + 11)) + -11 + 4
-4
What is the value of 46 - (6 - (-20 - -37 - 22))?
35
What is (-11 - 1) + 2094 + -2032?
50
Calculate -70 + 0 - (410 + -398 + (-7 + -6 - 6)).
-63
Evaluate 225 + -238 + (11 - 9) + 95.
84
Evaluate 10 + 6 + -2 + 26 + -8 + -23 + -118.
-109
Evaluate (54 - -68 - 126) + -72.
-76
What is -1 + (-7 - -3) - 3 - (212 - 189)?
-31
What is the value of 73 + -41 - 22 - ((-3 - (0 - 4)) + 68)?
-59
What is 276 - 174 - (-2 - -152)?
-48
Evaluate 8149 - 8115 - (2 + 1).
31
Evaluate -9 + 13 - (2 + 68) - (-761 + 774).
-79
What is the value of 7 + (11 + -59 + 35 - 30)?
-36
What is (-18 + -1 - (-85 + 118) - -7) + 2 + -3?
-46
-18 - ((-6 - (-13 - -61)) + -4)
40
44 + (-36 + 35 - 16)
27
Calculate -81 + (6 - 7) + 0 + (-4 - (0 - 4)).
-82
What is -36 - ((-35 - -45) + -32)?
-14
What is 52 + -113 - -41 - 21?
-41
What is the value of (26 - 1) + -92 + -176 + 254?
11
Calculate 2 + -9 + 4 + -2 - 7 - 0.
-12
Calculate (4 - 66 - -24) + (8 - 41).
-71
Calculate 0 + -26 - (30 + 135 - 128).
-63
2 + 91 + (492 - 507)
78
Evaluate (8 + 2 - (74 - (-80 - -157))) + 29.
42
What is the value of (-11 - (-24 + 0)) + 44 + -27?
30
Evaluate -5 - (-12 - (-5 + 5)) - -4 - 6.
5
What is 7 + -14 + -6 - (-61 + 41)?
7
What is the value of -6599 + 6615 + (1 - (-2 + -46))?
65
What is -37 + 155 - 19 - (-13 - -8 - -16)?
88
Calculate 3 + 4 + 23 + 132 + -152.
10
What is the value of -420 - -469 - (63 - 1)?
-13
Evaluate -6 - ((-3 - -11) + 10) - (-5 + (-5 - -2)).
-16
What is the value of 3 - ((10 - -15) + -3) - (-5 - -38)?
-52
What is -11 - (-28 - 10) - -7 - (-1 - 5 - 0)?
40
Calculate -9 + (-5 - 10 - (0 - 9)) + 31.
16
What is the value of 16 - (-65 + -3 + 11 + 6) - -24?
91
What is 37 - (17 + -8 + -10 + 13)?
25
Evaluate (-22 - (-93 - -92)) + -71.
-92
Calculate 10 - (-10 - (10 - -44 - 28)).
46
23 + -177 + 80 + 98 + (-1 - -24)
47
Evaluate 14 + (10 - 5 - -5) + 15.
39
Calculate 11 + (-80 - -28) + 9 + 44.
12
Calculate -54 + (191 - (126 - 57)).
68
(2 - -5) + 7 - (44 - 56)
26
What is -104 - (134 + -167) - 62?
-133
Evaluate 58 + (41 - 96 - 52).
-49
Calculate (0 - 2 - -4) + (-2 - (-3 - -9)).
-6
Calculate -1 - -14 - (61 + (17 - -2)).
-67
Evaluate 28 - 73 - (0 + -1 + (7 - 2)).
-49
Evaluate 55 + -53 + -45 + 61.
18
Calculate (8 + -12 + -3 - 6) + (-36 - -34) - 19.
-34
-4 + (7 - (20 + -9) - -17) - 22
-13
What is the value of 3 + -1 + -521 + 514 + (-3 - (3 + -16))?
5
Calculate -11 + 3 + -5 - (46 + (6 - 3)).
-62
Calculate (21 - 41 - -16) + (-9 - (-103 + 3 + -14)).
101
What is 67 + (-51 - -6) + 4?
26
(-51 - (-10 - 58)) + (-30 - (-3 + 5))
-15
Calculate 11 + 18 + -40 - (23 + 2).
-36
Calculate 18 - (18 + 16 + 3 + -9) - (-28 + -2).
20
What is the value of 12 + -19 + 13 + -8 + -2?
-4
What is 1 - (-14 + 3 + 11 - (-1 - (-12 - 3)))?
15
Evaluate 22 - (31 - 5) - -18 - 72.
-58
What is the value of 10 - (25 + -3 + 9) - (-32 + 30)?
-19
(6 - (-2 + 1 + -71)) + 13 + -30 + 7
68
What is the value of 2 + -2 + -25 - (5 - -15)?
-45
Calculate (1 - 13) + 5 + -11 - -20.
2
Evaluate -18462 + 18422 + (98 - -1).
59
What is -1 + (-26 - (-4 + 19 + (3 - 10)))?
-35
What is the value of (8 - (9 + -11)) + -173 + 188 - (-6 - 1)?
32
What is (-31 - -32) + (2 - (0 - -45))?
-42
What is the value of -23 + (-48 - -98) - -33?
60
Evaluate (60 + -77 - 47) + 165.
101
What is -106 - (-252 - (-100 + -17))?
29
What is 21 + -4 + 8 + -3 + 6 + -6 + 2?
24
Evaluate -35 - -2 - (162 + (74 - 170)).
-99
-57 - (57 + 20 + -46 - 52)
-36
(-25 - (-7 - -124)) + -18 + (-8 - -2 - -14)
-152
Evaluate -8 + 13 - (118 + -116 + (-9 - 2)).
14
Evaluate (29 - (63 - 67 - (1 - 16))) + 7.
25
6 - 20 - -24 - -24
34
Evaluate (-10 - -11 - ((1 - -3) + 4)) + -9.
-16
Evaluate 14 + (4 - 79) + 25 + -7 + 1.
-42
What is the value of (3 + 9 - 19) + 3 + 17?
1